he remainder when d(x) is divided by 9.
6
Suppose -2*i - 3*q = -393, 4*i - 789 + 23 = -2*q. Calculate the remainder when i is divided by 65.
59
Let d = -65 - -91. Suppose u - k - 2*k = -15, 0 = -3*u - k + 5. Suppose y + 2*g = -u*y + 4, -y + 4*g + 34 = 0. Calculate the remainder when d is divided by y.
12
Let n(s) = -s**3 - s**2 - 7*s - 1. Calculate the remainder when n(-5) is divided by 15.
14
Let o(y) = 25*y - 579. Calculate the remainder when o(26) is divided by 24.
23
Let d be 2/3 - 157/(-3). Suppose -5*s + 77 + d = 0. What is the remainder when s is divided by (-2)/(-3)*147/14?
5
Suppose 0 = -2*j + j + 81. What is the remainder when 322 is divided by j?
79
Let y(j) = j**2 + 8*j + 8. Let r be y(-8). Let v be r/(3*4/12). Suppose -12*a + v*a = -68. What is the remainder when a is divided by 5?
2
Suppose 5*f = -10, 17*d - f - 1331 = 14*d. Calculate the remainder when d is divided by 12.
11
Suppose -5*a + 138 = -3*a - 4*x, 5*a = 5*x + 355. What is the remainder when a is divided by 11?
7
Suppose 2*c + x - 147 = 0, c + 4*c = -2*x + 369. Suppose -2*m + c = h, -m + 39 = -0*m - h. Calculate the remainder when m is divided by 5.
3
Suppose -k + 3*p + 107 = 0, k - 2*p - 39 - 65 = 0. Calculate the remainder when k is divided by 21.
14
Suppose 5*i + 16 = m, 4*m + 12*i - 64 = 9*i. What is the remainder when 174 is divided by m?
14
What is the remainder when (-2 - (-672)/15) + 2/10 is divided by (-5 - 1)*15/(-6)?
13
Let g be ((-24)/(-30))/(-1 - 18/(-15)). Let r = g + 18. Suppose 15 + 27 = o + n, -36 = -o + 5*n. What is the remainder when o is divided by r?
19
Let s = -636 + 651. Suppose -2*o + 1 = -5. Suppose 3*d = k + 6, -o*k + 4*d - 11 = -2*k. What is the remainder when s is divided by k?
6
Let l = 65 + -51. What is the remainder when 25 is divided by l?
11
Let t = -108 - -160. Suppose -2*j - 4*p + t = -40, 0 = 3*p - 3. Calculate the remainder when j is divided by 12.
8
Let m(h) = -h**3 + 8*h**2 - 6*h + 2. Suppose 1 = -3*a + 16. What is the remainder when m(a) is divided by (288/(-45))/((-4)/10)?
15
Let k(d) = d + 14. Let a be ((-14)/8)/(2/(-8)). Calculate the remainder when 62 is divided by k(a).
20
What is the remainder when 2/(-3)*(-17)/(119/651) is divided by 25?
12
Let p be 48/22 + -2 + (-424)/(-88). Suppose p*q + 5*c - 35 = 0, 4*q + 2*c = -q + 35. Let n = 4 + 22. What is the remainder when n is divided by q?
5
Let c(f) = -20*f - 44. Let v(l) = 20*l + 46. Let g(m) = 5*c(m) + 4*v(m). Calculate the remainder when g(-7) is divided by 21.
20
Suppose 1370 = -49*j + 3820. Calculate the remainder when 244 is divided by j.
44
Suppose -3*m - 6 = -9*m. Let t(s) = 46*s - 2. Calculate the remainder when t(m) is divided by 23.
21
Let n(m) = 7*m + 61. Let a be n(-8). Suppose -6*g + a*z + 117 = -3*g, g = -5*z + 59. Suppose 23 + 37 = 5*y. What is the remainder when g is divided by y?
8
Let y be 5/(10/6) + -9. What is the remainder when 3/(-2)*((-196)/y)/(-1) is divided by 19?
11
Suppose 0 = 7*d - 1976 + 863. Calculate the remainder when d is divided by 47.
18
Suppose 0 = 5*d - d - 20. Suppose -2*k = k + 4*g - 17, 3*k + d*g - 13 = 0. Suppose -6*i + 53 + 205 = 0. What is the remainder when i is divided by k?
10
Suppose -11*q - q = -252. Calculate the remainder when q is divided by 5.
1
Calculate the remainder when (1 - 0)*(-3)/(24/(-1672)) is divided by 5.
4
Let a = 265 + -198. Calculate the remainder when a is divided by 42.
25
Let k(y) = y**3 + 5*y**2 - 8*y - 1. Let i be k(-6). Suppose -1 - i = p. What is the remainder when 68 is divided by (-2)/p - (-137)/6?
22
Suppose 26 = 2*y + 20. Suppose -2*w - 61 = -j - 5*w, -y*j - w + 183 = 0. Calculate the remainder when j is divided by 16.
13
Let o(l) be the first derivative of 2*l**3/3 + l**2/2 - 31*l + 31. What is the remainder when o(6) is divided by 1 - 1 - 2*-6?
11
Calculate the remainder when (-3816)/(-15) + -5 + (-2)/5 is divided by 64.
57
What is the remainder when (-19)/(5/(-30) + (-1)/(-42)) is divided by 35?
28
Suppose -n = -4*n - 135. Let w = n - -80. Suppose -4*r + 71 = -d, 9*r - 110 = 4*r - 3*d. Calculate the remainder when w is divided by r.
16
Let t = -109 - -230. Calculate the remainder when t is divided by 31.
28
Let g be 5/25 - 42/(-15). Suppose 4*m = 45 + g. Calculate the remainder when 57 is divided by m.
9
Let g be 7 - 0 - (7 + -4). Let q be ((-15)/g - -4)*-4. Calculate the remainder when (q - -4) + (-3 - -56) is divided by 19.
18
Let f(y) = 3*y**2. Let m(a) = a**3 - 2*a**2 - 2*a - 4. Let z be m(3). Calculate the remainder when f(4) is divided by 17 - (3 + -1 + -3 - z).
14
Let v(p) be the second derivative of -p**3/6 + 5*p**2/2 - 4*p. Calculate the remainder when 41 is divided by v(-10).
11
Let c(m) be the second derivative of m**3/3 - 11*m**2/2 - 5*m. Calculate the remainder when (12/(-8))/(3/(-20)) is divided by c(7).
1
Suppose 7*b = 3*b + 16. Suppose k - 1 - b = 0. Suppose 20 = k*s + 5*x, 3*s + 4*x = -0*x + 9. What is the remainder when 27 is divided by s?
6
Suppose 0 = -6*v + 3*v + 33. What is the remainder when (-1)/10 + (-4168)/(-80) is divided by v?
8
Let u be 18/(-36)*(-1 - -7). Let v be u/6 - (-1005)/6. Suppose 0 = 3*f + 26 - v. Calculate the remainder when f is divided by 10.
7
Let q = -1110 - -1145. What is the remainder when 311 is divided by q?
31
Calculate the remainder when 129 is divided by 9*(7 - (-34)/(-6)).
9
Let v(p) be the third derivative of p**5/10 - p**4/8 + 7*p**3/6 + 10*p**2. Let i be v(4). Let g = -61 + i. Calculate the remainder when g is divided by 11.
8
Let g(s) = 70*s - 134. Calculate the remainder when g(6) is divided by 58.
54
Calculate the remainder when (-14)/35*-50 - (-5)/(-1) is divided by 4/(-2)*-4 - -1.
6
Let y(z) = -z**2 + 5*z + 9. Let q be y(6). What is the remainder when 39 is divided by 5/q*(2 + 4)?
9
Suppose 241*k + 750 = 246*k. What is the remainder when k is divided by 138?
12
Let b(y) = y**2 + 2*y - 3. Let p be b(2). Suppose -p*v = -10, z - 68 = -0*z - 3*v. What is the remainder when z is divided by 7?
6
Suppose q - 9 = -5*i, q + 3*i - 5*i = -5. Calculate the remainder when 158 is divided by ((-16)/8)/(q/20).
38
Suppose 2*n + 2 = 6. Suppose -3*l = n*l - 30. Suppose 0 = 12*b - 80 - 40. What is the remainder when b is divided by l?
4
Let x(b) = -b + 61. What is the remainder when x(10) is divided by 26?
25
Calculate the remainder when 3 - (-67 + 3 + -3) is divided by 1116/60 + 6/(-10).
16
Suppose -3*m + 861 = -3*f, -2*f - 1432 = 6*m - 11*m. What is the remainder when m is divided by 86?
28
Let i(o) = o + 11. Let a be i(-8). Suppose a*u = 4*u - 57. Suppose 2*t + 3*y = 83, 3*t + u = 2*y + 201. What is the remainder when t is divided by 17?
12
Let w = -17 - -25. Calculate the remainder when w is divided by 14/77 + (-75)/(-11).
1
What is the remainder when (1/(1/103))/1 is divided by 57?
46
Let c = -12 + 16. Let o = 6 - c. Suppose 3*p = -4*j + 6 + 37, 3*j - 5*p + 4 = 0. What is the remainder when j is divided by o?
1
Let l(g) = g + 29. Let a be l(-14). Let q = 22 - a. Calculate the remainder when 35/3 - (2 + 8/(-6)) is divided by q.
4
Suppose 4*s - 53 = -2*t - 1, -2*t - 3*s + 47 = 0. Let b(v) = -v**2 - 17*v + 19. Calculate the remainder when b(-14) is divided by t.
13
Let m = -211 - -263. What is the remainder when 310 is divided by m?
50
Let c(f) = -2*f**3 - 2*f**2 - 3*f + 2. Let q(o) = o**2 + 4*o. Let u be q(-3). Calculate the remainder when c(u) is divided by 24.
23
Let c(x) = x**2 + 3. Let o be (-2)/(-7) + 2/(-7). Let n be c(o). Suppose 2*s = -n*r - 0*s + 112, s = 5. What is the remainder when r is divided by 6?
4
Let u be -5*(-4)/(-30)*3. Let r(v) = -2*v - 1. Let g be r(u). Suppose -q + 61 = 2*s - 4, 4*s - 185 = -g*q. What is the remainder when q is divided by 14?
13
Suppose k - 3*j = 168, 2*j + j + 336 = 2*k. Let d = 59 + -25. Calculate the remainder when k is divided by d.
32
Suppose 2*i = x + 8, -i = 5*x - 0 + 7. Suppose -i*k + 7*k = 52. Suppose 5*g = -15 + 5, -5*g = -d + k. What is the remainder when 4 is divided by d?
1
Let g(w) = 10*w**2 - 52*w - 4. Let f(x) = -3*x**2 + 17*x + 1. Let v(n) = 7*f(n) + 2*g(n). What is the remainder when v(6) is divided by 14?
11
Let m(k) = -9*k**2 + 54*k + 9. Calculate the remainder when 194/6 + (-6)/(-9) is divided by m(6).
6
Suppose -90 - 3 = -q. Suppose 5*m + 0*b - b = q, -m - 2*b = -23. Let h = 110 - 56. What 